of -k**6/240 + k**5/15 - k**4/24 + k**2. Let h(z) be the second derivative of m(z). Is h(-6) a prime number?
False
Suppose 2*j - 11 = -3*s, 4*s + 7 = -2*j + 19. Let i be (-2)/(-1) - j/(-1). Suppose -3*k - i = 0, 4*k = t - 285 - 42. Is t a prime number?
False
Let g(k) = k**3 - 4*k**2 - 3*k + 45. Is g(20) prime?
False
Suppose 4*v = 8*v. Let k be (-5)/((-15)/(-108)) + v. Is (0 + 1 - k)*1 a prime number?
True
Let h(l) = 3*l**2 + 2*l - 2. Let k be h(3). Let f = k - 12. Is 3/((-1)/(f*-1)) composite?
True
Suppose -3*w - 25 = -5*v - 0*v, 2*w = -5*v. Suppose -3*l = -v*l - 323. Is l a prime number?
False
Suppose 0 = -4*v + h + 6990, 0 = -v - 4*h - 0*h + 1739. Let q = v - 537. Is (2/(-4))/((-5)/q) prime?
False
Let y = 6 + -3. Suppose y*v + 4*z - 196 = v, 3*v = z + 308. Suppose 3*p + 3*m - 60 = 0, -5*p - 3*m = -0*p - v. Is p composite?
True
Is (-5738)/(-18) - (-2)/9 prime?
False
Let s(k) = -7 + 8*k**2 + 5*k - 6 + 10. Is s(4) a composite number?
True
Let n be (2 - 1) + (3 - -2). Let w = n - 0. Is (-423)/6*(-4)/w prime?
True
Suppose -3*p + 5*p - 6 = 0. Suppose 6 = -2*z, p*f + 515 = 7*f + 3*z. Is f prime?
True
Suppose -5*k = -4*n + 13, 4*n + 0 = k + 9. Suppose -15 = -0*z - 5*z. Suppose -n*t + 40 = 2*t + b, -4*t = z*b - 32. Is t composite?
False
Let t(g) = -4*g + 4 + 1 + g**2 - 5*g. Let d be t(4). Is (-1)/5 + (-558)/d prime?
True
Let p(o) = 802*o**2 - 1. Let b be p(-1). Let l = 1174 - b. Is l prime?
True
Let v(n) = -n**3. Let t(g) = -2*g**3 - 9*g**2 - g - 11. Let h(u) = t(u) - 3*v(u). Is h(10) a prime number?
True
Suppose 0 = -l - 5*l + 4974. Is l composite?
False
Let j(r) = 4*r - 1. Let d = -4 + 7. Is j(d) a prime number?
True
Suppose -157 - 151 = -4*d. Is d prime?
False
Let i be (2 - 2)*-1*1. Suppose i = -2*a, -5*x - 2*a + 255 = -60. Suppose 1 = -2*m + x. Is m prime?
True
Suppose 2*b - b = -4*n + 11, 1 = b - n. Let l(r) = r**3 - 4*r**2 + 2*r. Let v be l(b). Let u = 5 + v. Is u composite?
False
Suppose -53 = 4*k + 5*z - 16, 10 = -2*z. Let y(g) = -9*g**3 + g**2 - 5*g - 2. Is y(k) a prime number?
False
Suppose 97 + 68 = 3*q. Is q composite?
True
Let r = 2465 - 3870. Let l = r + 2028. Is l composite?
True
Let p(a) = -a + 4. Let z be p(-8). Suppose -4*m - 4*g - z = 8, 2*m = -5*g - 25. Suppose -h + 35 = -m*h. Is h a composite number?
True
Suppose -13*r + 15*r = 374. Is r a prime number?
False
Suppose 2*o = -2*o + 20. Let n(g) = -g**2 + 6*g - 3. Is n(o) composite?
False
Let y(c) = -c**3 - 2*c**2 - 3*c - 3. Let u be (-3 + 3)/(-2) + -2. Is y(u) prime?
True
Is (110 - 5 - -1)*1 composite?
True
Let s = 93 + -8. Is s composite?
True
Suppose 11 = 2*r - 7. Suppose 5*l = 4*i + r - 52, -4*l = 4*i - 16. Is i a composite number?
False
Is ((-326)/6)/(11/(-33)) prime?
True
Suppose 2*j - 506 = -4*t, -2*j - 5*t = 141 - 645. Is j a composite number?
False
Suppose 3*n - 279 - 723 = 0. Is n composite?
True
Suppose 49 = h - 24. Let b = -40 + h. Is b a composite number?
True
Suppose 4*r + 3*w = -w + 104, 0 = -r + 2*w + 41. Is r composite?
False
Let b(d) be the third derivative of 0*d - 1/12*d**4 + 0 + 5/6*d**3 - 4*d**2. Is b(-8) prime?
False
Let u(r) = -r**2 - 8*r. Let i be u(-6). Let c be i/(-6) + 38*-1. Is (-4)/(-14) - c/7 composite?
True
Suppose -2*q + 172 = -1110. Is q a prime number?
True
Let p = 5 + -9. Let j(m) = -m - 13. Let q be j(-10). Is (-35)/p*(-12)/q composite?
True
Let j be -5*(-1 + 1 + -1). Let x(y) = 14*y**2 + 23*y + 3. Let w(u) = 5*u**2 + 8*u + 1. Let r(o) = -11*w(o) + 4*x(o). Is r(j) a composite number?
True
Let x = 3241 + -204. Is x a prime number?
True
Let d(r) = 0 + 3 + 3*r + r. Let h be d(4). Suppose -3*q + h = -146. Is q composite?
True
Let a be 2856/27 + 6/27. Is (0 + 1)/(2/a) prime?
True
Suppose 1655 = -7*k + 6142. Is k a composite number?
False
Let x(m) = m**2 + 6*m - 12. Is x(-13) a composite number?
False
Let r = -132 - -247. Is r a composite number?
True
Let g = -25 - -10. Is 174/5 + (-3)/g composite?
True
Let j(z) = 11*z**3 + 4*z**2 + 8*z + 19. Is j(8) prime?
False
Let s(x) = x + 3. Let f(n) = 2. Let i(m) = -6*f(m) + 4*s(m). Let w be i(9). Let z = w + 79. Is z a prime number?
False
Let t = 1 - -4. Let j = 0 + t. Suppose -491 = -3*d - h, 2*d - 29 - 307 = -j*h. Is d prime?
True
Let g(u) = -u**2 + 4*u - 1. Let w be g(2). Suppose -w*x = -3*z - 264, 273 - 13 = 3*x + z. Is x prime?
False
Let u = 75 - -19. Let k = 161 - u. Is k composite?
False
Let k = -3 - -6. Suppose 805 = k*g + 2*g. Is g composite?
True
Let n(l) = 240*l + 9. Let s(k) = -k**2 - 4*k - 6. Let d be s(-4). Let g be n(d). Is g/(-15) + 4/(-10) a prime number?
False
Suppose -196 = g - 5*g. Let a = g - -78. Is a prime?
True
Is 15/(-35) - 28244/(-14) prime?
True
Suppose -2*g + 3*g = 19. Suppose m = 2*m - g. Is m a prime number?
True
Suppose 1 = -5*j - z, -2 = -5*j - 2*z + 1. Let u = 2 + j. Suppose 0 = 2*o - u - 37. Is o a composite number?
False
Suppose 7*t - 3*t - 52 = 0. Let s = t - -84. Is s a prime number?
True
Let r = 0 - 0. Let s = 5 + r. Suppose -s*y + 56 = -49. Is y prime?
False
Let f(t) = -4*t**3 + t**2 - t - 1. Let a be f(-1). Suppose 5*k = 2*k. Suppose a*v - 425 = w, k = w - 4*w + 15. Is v composite?
True
Suppose -2*v = -32 - 62. Suppose -3*s = 4*p - v, p + p = -s + 25. Is p prime?
False
Let y be 1/4 - (-34)/(-8). Let q(s) be the third derivative of s**6/120 + 11*s**5/60 + 7*s**4/24 + 5*s**3/6 - 4*s**2. Is q(y) a composite number?
False
Let d(k) = -18*k**3 + k**2 + 2*k - 11. Is d(-6) a composite number?
True
Let g(r) = 922*r + 33. Is g(5) prime?
True
Let b(r) = r - 139. Let x be b(0). Let d = -74 - x. Is d a composite number?
True
Suppose -6*n + 4*n + 18 = 0. Let x = -2 + 0. Let f = n + x. Is f a composite number?
False
Let x = -3 + 1. Let j be x/(-9) + (-986)/(-18). Suppose -3*h + 4*p - 5 = -96, j = 3*h + 5*p. Is h a prime number?
False
Let y = 1478 + -417. Is y a composite number?
False
Suppose 0 = -2*i + 408 + 132. Suppose 3*g + 0*g - 3*x - 393 = 0, 0 = 2*g - 4*x - i. Is g prime?
True
Let t be 4/((-24)/(-111))*18. Suppose -76 = -2*h + 4*b + 70, 5*h - 2*b - t = 0. Is h prime?
False
Let j = -12 + 8. Let p(q) = 15*q**2 + 4*q - 3. Let k(y) = 10*y**2 + 3*y - 2. Let z(c) = -7*k(c) + 5*p(c). Is z(j) prime?
True
Let l = 318 + -173. Is l a prime number?
False
Suppose 2*i + 2*h = -h + 143, -4*i = 2*h - 306. Is i a composite number?
False
Let q(u) be the third derivative of 3*u**5/20 - u**4/4 - 2*u**3/3 - 2*u**2. Is q(-7) a composite number?
False
Let o(l) be the second derivative of -13*l**3/3 + 3*l**2/2 + 2*l. Is o(-5) a composite number?
True
Let w = -16 + 6. Is (7/4)/(w/(-120)) composite?
True
Let k(h) be the first derivative of h**2/2 + 60*h - 1. Let u be k(0). Suppose -2*i = -2*p + 32, i = -6*p + 3*p + u. Is p prime?
True
Let w = 119 + 46. Let l = -108 + w. Is l a prime number?
False
Let z(t) = 26*t. Let c be z(-2). Let h = c - -16. Let g = -22 - h. Is g prime?
False
Let x(b) = 89*b**2 - 4*b - 3. Let w be x(5). Suppose 4*v - 26 - w = 0. Is v a prime number?
True
Let x(t) = 2*t**3 - 9*t**2 + 8*t - 7. Let g be (1 - 4)*(1 - 3). Is x(g) a composite number?
False
Let d(q) be the first derivative of -q - 19/2*q**4 - 1/2*q**2 + 3 + 1/3*q**3. Is d(-1) a prime number?
False
Let t(l) = -l**3 - 4*l**2 + 3*l - 4. Let f be t(4). Let s = f - 6. Let k = -17 - s. Is k a composite number?
False
Suppose -5*f + 3*y + 22 = 0, -3*f + y = -2*y - 18. Suppose -4*k + 477 = -5*q, f*k = 2*q + 195 - 3. Let i = -62 - q. Is i a composite number?
False
Let o = 197 - -252. Is o a composite number?
False
Let f(l) be the second derivative of l**3/6 + 4*l**2 + l. Let d be f(-9). Let w(p) = 32*p**2 - 1. Is w(d) a composite number?
False
Let g = 4 - 1. Suppose -5*w + 8*p - g*p + 1275 = 0, -522 = -2*w - p. Is w prime?
False
Suppose -8 = -3*z + z. Suppose o - 26 = z*s, 4*o - s - 98 = 51. Is o composite?
True
Is 8/12 - 0 - (-2757)/9 a prime number?
True
Let v be -81 + 0/(-1 - -3). Let b = v - -115. Is b prime?
False
Is -1*(-2 + 3)*(-96 + -1) prime?
True
Let o be (2/4 + -1)*-12. Suppose -o*l + 7*l = 67. Is l a prime number?
True
Suppose -16 = -3*r - r. Let j = -94 - -145. Suppose 2*g + r*a - a = j, 5*g = -a + 160. Is g prime?
False
Suppose -2*l + 23 = -l. Suppose 2*t + 2*p = 16, -2*t - 2*t + l = p. Suppose 4*x - 208 = t*q, x = -0*q + 2*q + 49. Is x prime?
False
Suppose -4*g = o - 1342, -5*g + 0*o + 3*o = -1686. Let u = 683 - g.